 - 2*t - 21 = -4*t, l*c - 94 = t. What are the prime factors of c?
19
Let a be (7 + 2)/(15/(-10)). Let x(b) = -b**2 - 8*b + 4. What are the prime factors of x(a)?
2
Suppose -l = -10*l + 1053. What are the prime factors of l?
3, 13
Let u(r) = -2*r**3 - 4*r**2 - 7*r - 4. List the prime factors of u(-4).
2, 11
Let i be (6/5)/((-2)/(-5)). Suppose j + 4 = i*j. What are the prime factors of j?
2
Suppose -y - y + 23 = j, 0 = -4*y - 5*j + 55. Let f = 27 - y. What are the prime factors of f?
17
Let n be 115/25 - 8 - (-2)/5. Let g(q) = -4*q**2 + 11*q - 4. Let r(m) = -7*m**2 + 21*m - 7. Let y(v) = -11*g(v) + 6*r(v). What are the prime factors of y(n)?
5
Let v = 6 - 3. Suppose -25 = -3*t + 2*l - 3*l, -5*l + 5 = v*t. Let x = t - 6. List the prime factors of x.
2
Let b(x) = -x**3 + 3*x + 34. What are the prime factors of b(0)?
2, 17
Let g(c) be the third derivative of -c**5/60 + c**4/4 - c**3/6 - c**2. Let j be g(7). What are the prime factors of 2/j + 270/24?
11
Let w be (0 - -1)*(8 + 39). Let c = 119 - w. Suppose -3*y - y = -c. What are the prime factors of y?
2, 3
Let a = -2 - -3. Let y(o) = -o**2 - 4*o + 5. Let c be y(-5). What are the prime factors of 12/(c - -1) - a?
11
Suppose 4*k = 5*k - 5. Suppose 9 + 1 = -5*j. Let d = k + j. List the prime factors of d.
3
Suppose -5*r = -3*v + 315, -330 = -3*v + r - 3. List the prime factors of v.
2, 5, 11
Suppose 3*o + 6 = -2*v + 5*o, -5*o + 9 = v. Let g be 0 + (17/(-1))/v. Suppose 0 = -3*d + 2*l + g, -d + l - 9 = 4*l. List the prime factors of d.
3
Let m be (-2 + 2 - 0) + 6. Let h = 14 + m. List the prime factors of h.
2, 5
Suppose -13*n + 1723 = -344. What are the prime factors of n?
3, 53
Let l = -97 - -214. What are the prime factors of l?
3, 13
Suppose 5*n = 2*s + 336 - 79, 4*s + 249 = 5*n. List the prime factors of n.
53
Let c(v) = 4 - 5 + 0. Let w(o) = -o. Let s(d) = -2*c(d) + w(d). What are the prime factors of s(-9)?
11
Let g(s) = 25*s**2 + 4*s - 4. What are the prime factors of g(2)?
2, 13
Suppose 0 = 2*a + q - 16, 4*a - 3*q - 16 = -q. List the prime factors of ((-4)/a)/(4/(-18)).
3
Suppose 0 = -4*x - 6*a + 2*a - 36, x + 9 = 2*a. Let g = 19 + x. What are the prime factors of g?
2, 5
Let c(y) = y**3 + 13*y**2 - 16*y + 30. What are the prime factors of c(-14)?
2, 29
Suppose -6*i + i = -15. Suppose 9 - 3 = i*s. Suppose -3*h = 2*k + h, s*k = -3*h + 2. List the prime factors of k.
2
Let g(v) = v. Let i(w) = 2*w**2 - 1. Let d(b) = -2*g(b) + i(b). What are the prime factors of d(3)?
11
Let i(j) = -j**3 - 2*j**2 - 6*j - 1. List the prime factors of i(-4).
5, 11
Let t(f) = f**2 - 8*f + 3 + 2 + 1. Let l be t(7). Let z(q) = -13*q - 1. List the prime factors of z(l).
2, 3
Let q be 15*-1*3/(-9). Let f = 45 + -9. Suppose -c + f = 5*m, -3*m = q*c + m - 75. What are the prime factors of c?
11
Let t be ((-1)/2)/((-2)/12). Suppose -13 = -t*p + 20. List the prime factors of p.
11
Suppose -2*c + 270 = 5*k - 3*c, -c = -4*k + 217. List the prime factors of k.
53
Let m = -6 - -10. Let r be 7 - 0/(m - 2). Let i(n) = n**2 - 4*n - 10. What are the prime factors of i(r)?
11
Suppose -20 = s - 6*s. Suppose -s*c + 54 = 6. What are the prime factors of c?
2, 3
Let c = 6 + 0. Suppose 4*u - 2*x = 6, -2*u = -2*x + c*x - 8. Suppose f = u*q, 3*f + q + 3*q = 20. List the prime factors of f.
2
Suppose w + 3*h = 14, -3*w - 2*h = -6 - 22. Suppose 3*v - 55 - w = 0. What are the prime factors of v?
3, 7
Suppose 0 = 63*x - 64*x + 67. List the prime factors of x.
67
Suppose w + h - 5 = 0, 2*w = 5*h - 1 - 3. Suppose 0*p = -w*p + 72. What are the prime factors of p?
2, 3
List the prime factors of (2 + (-100)/6)*-3.
2, 11
Let w(n) = -22*n + 7. Let r be w(-5). Let q = 197 - r. Suppose 40 = 3*x + v, 2*x - v = -3*x + q. List the prime factors of x.
3, 5
Let w = 286 + 9. List the prime factors of w.
5, 59
Suppose -2*w - 4*s = -732, 2*w - 1106 = -w - 4*s. What are the prime factors of w?
2, 11, 17
Let n(r) = 2*r + 4. Let j be n(-3). Let q be 1/(j*(-1)/(-38)). Let x = q + 30. List the prime factors of x.
11
Let o(n) = 0 - n - 2*n**3 - 1 - 9*n**3. Let i be (1/1)/1 + -2. What are the prime factors of o(i)?
11
Suppose -2*f = -3*g + 136, -4*g = -4*f - 88 - 92. What are the prime factors of g?
2, 23
Let w(l) be the second derivative of -2/3*l**3 + 2*l**2 + 1/12*l**4 - l + 0. What are the prime factors of w(4)?
2
Suppose 5*c - 10 = 3*w - 0*c, -4*c = 3*w - 35. Suppose -2*t = -4*d + 54, 0 = -2*d + w*t + 20 - 5. List the prime factors of d.
3, 5
Let c be ((-45)/20)/((-2)/24). Suppose 5*z - z - c = -5*p, 32 = 4*p - 2*z. Suppose 0 = -m + 2 + p. List the prime factors of m.
3
Let q = -27 - -61. Suppose q = 2*g - 62. Suppose b + b = 0, 4*r - 4*b = g. List the prime factors of r.
2, 3
Suppose 1 = -4*f - 15. Let m(q) = -q. Let o be m(f). Suppose 0 = 3*c + 8*n - o*n - 10, c = 3*n + 25. What are the prime factors of c?
2, 5
Let x(w) = 20*w**2 - w. Let t be x(2). Let b = t + -31. Suppose -5*g + b = 2. What are the prime factors of g?
3
Suppose 5*j - j = 0. Let q = -8 - j. List the prime factors of (2 + q/3)*-18.
2, 3
Let c(s) = s**3 - s**2 - 1. Let o be c(2). Suppose 11 + 7 = -o*b. Let g = b - -12. List the prime factors of g.
2, 3
Suppose -2*g - 3*g + 790 = 4*r, 2*r = -3*g + 394. List the prime factors of r.
2, 5
Suppose -198 = 29*j - 31*j. What are the prime factors of j?
3, 11
Let p be (-318)/(-14) + 2/7. Let h = p - -13. List the prime factors of h.
2, 3
Suppose -2*i + 16 = -2*o, 0*o = -i + 3*o. Let m = 21 + i. List the prime factors of m.
3, 11
Suppose 0 = 2*s + 4, 2*s - s - 4 = d. Let q(r) = -r**2 - 10*r - 3. What are the prime factors of q(d)?
3, 7
Suppose 0*s + 3*s - 15 = 0. Suppose s*v - 3*v = 6. What are the prime factors of -1*-4*(4 - v)?
2
Suppose 0 = 5*w - 23 - 2, -4*k = 4*w + 120. Suppose -3*h = -n - 31, -3*h + 38 + 43 = -3*n. Let j = n - k. List the prime factors of j.
2, 5
What are the prime factors of (37/(-3))/((-9)/54)?
2, 37
Let z(g) = g**2 - g - 2. Let j be z(3). Let f(h) = h**2 + 4*h - 5. List the prime factors of f(j).
3
Suppose 4*v + 20 = d - 0*d, 3*d + 25 = -5*v. Suppose d = -2*m + 6*m - 48. Let k = -8 + m. List the prime factors of k.
2
Suppose -8 = -5*u - 4*i, -2*u - u - 3*i = -3. Let n = 17 - u. What are the prime factors of n?
13
Suppose -m + 32 = -2*w, -4*m - 34 = w - 0*w. Let a = -11 - w. List the prime factors of a.
7
Let l = 290 - 201. List the prime factors of l.
89
Suppose 5*a - 92 = 4*b, -a + 4*a = 5*b + 50. List the prime factors of a.
2, 5
Suppose 4*h = 5*x + 634, -2*h - x - 642 = -6*h. List the prime factors of h.
7, 23
Suppose 0 = 2*c + 6 + 6. Let k = 9 + c. What are the prime factors of k?
3
Let k = -8 + 11. Let v(i) = -2*i + 0*i + i**k + 6*i**2 + 6*i - 4 - i. List the prime factors of v(-4).
2
Let h(z) = -6*z - 8. Let g be h(-11). Suppose l = w - 26, 5*l + 56 = w - g. Let n = -6 - l. List the prime factors of n.
2
Let j(k) = k**3 + 2*k**2 - 5*k + 4. List the prime factors of j(3).
2, 17
Let i = -3 + 7. Suppose -i*l + 48 - 8 = 0. What are the prime factors of l?
2, 5
Let u = -95 - -183. What are the prime factors of u?
2, 11
Let n(b) = -b**3 - 5*b**2 + 16*b + 12. List the prime factors of n(-8).
2, 19
Let y(b) = 2*b - 1 + 3*b + 4 - 4*b. What are the prime factors of y(14)?
17
Suppose 3*i = i + 44. List the prime factors of i.
2, 11
Suppose 20 = 4*v - 3*m, 0*v - 24 = -v - 4*m. List the prime factors of (-12 - -1)*(v + -9).
11
List the prime factors of 4/((-16)/84)*-1.
3, 7
Let i = -165 - -277. What are the prime factors of i?
2, 7
Suppose -52 - 2 = v. Let r = v - -95. List the prime factors of r.
41
List the prime factors of (0 - (0 - -3))/((-9)/1191).
397
Let s(c) = c**2 - 10*c + 6. Let i be ((-8)/(-12))/((-4)/(-66)). List the prime factors of s(i).
17
Suppose -1 = -2*h + 5. Suppose 66 = 3*l - s, -3*l = h*s + 2*s - 84. List the prime factors of l.
23
Let g(f) = -2*f**3 - 2*f**2 + 5*f + 4. Let q be (4 - 1)*(5 + -6). Let h be g(q). Suppose 5*u - h = 5. What are the prime factors of u?
2, 3
Let p(t) = 1 - t**2 + 2*t - 3*t + 3*t**2 + 3*t**2. Let x be p(1). Suppose 0 = 2*n - 5*i - 2, 3*n + x*i = -2*n + 75. List the prime factors of n.
11
List the prime factors of (264/20)/((-24)/(-80)).
2, 11
List the prime factors of 33/(-11 + 13 - 5/4).
2, 11
Let c be 0/(0 + (-3 - -2)). Suppose m + 0*m = c. Suppose 4*a = -m*a + 32. List the prime 